-10002 + 11?
-3331
In base 10, what is 3 + -41?
-38
In base 12, what is -2 - 9b?
-a1
In base 14, what is a + 5?
11
In base 8, what is 60 - -567?
647
In base 4, what is 13002 - 333?
12003
In base 11, what is -4 - -6125?
6121
In base 2, what is 101 - -110110111?
110111100
In base 4, what is 0 + 1102?
1102
In base 8, what is 5 - -4450?
4455
In base 7, what is -23556 + 3?
-23553
In base 11, what is -2 - 203?
-205
In base 7, what is 3 - 106?
-103
In base 5, what is -3 - -12412?
12404
In base 3, what is -1021 - -22?
-222
In base 13, what is -ab - -5?
-a6
In base 11, what is -350 + -2?
-352
In base 16, what is 11 - 1e?
-d
In base 2, what is -11000011 - -10?
-11000001
In base 8, what is -2417 + -3?
-2422
In base 3, what is -1000 + 20?
-210
In base 16, what is -1 + e9?
e8
In base 5, what is 100 - -32?
132
In base 13, what is 563 + 3?
566
In base 15, what is 4 + -83?
-7e
In base 10, what is 4 + 1691?
1695
In base 3, what is 10211102 - 110?
10210222
In base 4, what is -12033 + 10?
-12023
In base 13, what is -5 + 13?
b
In base 16, what is -2ca - -1?
-2c9
In base 10, what is -4 + -3175?
-3179
In base 13, what is -1313 - -2?
-1311
In base 15, what is 2d - 12?
1b
In base 7, what is 2 - -105?
110
In base 4, what is 10 + -12122?
-12112
In base 9, what is 4 + -267?
-263
In base 13, what is 1b - -6?
24
In base 13, what is 6609 + 5?
6611
In base 8, what is -2 - -4162?
4160
In base 6, what is 415032 + -2?
415030
In base 3, what is 122010 + 212?
122222
In base 3, what is 110 + 222020?
222200
In base 15, what is -8d4 - -3?
-8d1
In base 16, what is -5 - 17?
-1c
In base 14, what is -8 - -75?
6b
In base 6, what is 131 - -5?
140
In base 12, what is 8 - 17?
-b
In base 6, what is 12 + 113?
125
In base 5, what is 1421 + 2?
1423
In base 15, what is 42 - 5?
3c
In base 12, what is 1a + 120?
13a
In base 8, what is -265 + -1?
-266
In base 4, what is -2 + 10322?
10320
In base 3, what is 12110 + 102?
12212
In base 11, what is -1 - 693?
-694
In base 3, what is -120021 - 11?
-120102
In base 8, what is 5 - -127?
134
In base 16, what is 8f + 1?
90
In base 7, what is 4034 + -2?
4032
In base 4, what is -103 - -3?
-100
In base 3, what is 11 - 1022?
-1011
In base 10, what is -1942 - 0?
-1942
In base 11, what is -1 - -66?
65
In base 7, what is -2 + -11061?
-11063
In base 7, what is 1002 - -2?
1004
In base 7, what is -116 + -1?
-120
In base 4, what is -3030013 + 3?
-3030010
In base 15, what is -1ece + 1?
-1ecd
In base 13, what is aa8 + -9?
a9c
In base 15, what is a - -ed?
108
In base 7, what is -105 + -5?
-113
In base 7, what is 60 + 144?
234
In base 2, what is 100101 + -1?
100100
In base 14, what is 2 - 36?
-34
In base 8, what is -13 - -16?
3
In base 6, what is -404 + 0?
-404
In base 4, what is 1 + -10332?
-10331
In base 14, what is 3d7 + -4?
3d3
In base 15, what is a + 113?
11d
In base 13, what is -8 + -563?
-56b
In base 9, what is 5 + 148?
154
In base 3, what is 1101122 - 11?
1101111
In base 3, what is 10 - -10200?
10210
In base 9, what is 17701 - 0?
17701
In base 10, what is -17 + 0?
-17
In base 7, what is 5 + -10034?
-10026
In base 5, what is -10 + 2222?
2212
In base 13, what is -6c9 - -3?
-6c6
In base 10, what is -121 + 4?
-117
In base 16, what is b - 258?
-24d
In base 11, what is -13 + 4?
-a
In base 15, what is 5 + 17b?
181
In base 14, what is -2 + 39?
37
In base 2, what is -10 - 100101000?
-100101010
In base 16, what is -c0 - 6?
-c6
In base 2, what is -101 + -100110?
-101011
In base 14, what is 1c0 - 1?
1bd
In base 14, what is 917 + 5?
91c
In base 10, what is -12 + -898?
-910
In base 2, what is 100000011 - 11?
100000000
In base 8, what is -24 + -14?
-40
In base 11, what is -604 + 1?
-603
In base 11, what is -1344 + 1?
-1343
In base 9, what is -6 - -78?
72
In base 13, what is 29a - 3?
297
In base 13, what is 1b + -8?
13
In base 6, what is -21 - 31?
-52
In base 3, what is 20002110 + -1?
20002102
In base 13, what is -c3a - 5?
-c42
In base 3, what is -20 - 1100?
-1120
In base 11, what is -53 + 14?
-3a
In base 7, what is 24344 - -4?
24351
In base 4, what is 31302 - 11?
31231
In base 2, what is -11100 - 1110?
-101010
In base 5, what is -24121 + -1?
-24122
In base 8, what is -211 + 0?
-211
In base 7, what is -1 - 14?
-15
In base 4, what is 0 - 320?
-320
In base 14, what is 14 + 1d?
33
In base 12, what is 1 - 667?
-666
In base 10, what is 3 + -11?
-8
In base 14, what is 5 + -19ac?
-19a7
In base 11, what is 1018 + 5?
1022
In base 2, what is -100001011 + -10?
-100001101
In base 3, what is 1002101 - 0?
1002101
In base 5, what is -3 - 11?
-14
In base 16, what is -2 - -1218?
1216
In base 15, what is -6 + 401?
3ea
In base 2, what is 100001001 + -11?
100000110
In base 8, what is 1 - 542?
-541
In base 9, what is -3 + 344?
341
In base 11, what is 10 - -502?
512
In base 9, what is 38 - 213?
-164
In base 4, what is -12003 - 20?
-12023
In base 11, what is 56 + -17?
3a
In base 14, what is -1 - 43?
-44
In base 3, what is 11 + -112?
-101
In base 16, what is -316 - -c?
-30a
In base 2, what is 101 - -1101?
10010
In base 2, what is 11010111 - -1111?
11100110
In base 6, what is -4 - 1030?
-1034
In base 4, what is -3 + -333?
-1002
In base 6, what is -110044 + 4?
-110040
In base 15, what is -3b - -4?
-37
In base 3, what is 2110 + 11?
2121
In base 7, what is 12 + -1?
11
In base 2, what is -10111 + -111?
-11110
In base 7, what is -33455 - 5?
-33463
In base 10, what is 4 - 235?
-231
In base 12, what is -148a - 0?
-148a
In base 6, what is 0 + 15?
15
In base 6, what is 130 + 100?
230
In base 4, what is -3120 - 0?
-3120
In base 2, what is -1110101110000 + 101?
-1110101101011
In base 15, what is 22c - 5?
227
In base 5, what is 21 + 441?
1012
In base 4, what is -20 - -10122?
10102
In base 2, what is 110000 - 1100?
100100
In base 2, what is 11101110 + 0?
11101110
In base 7, what is 53 + -11?
42
In base 8, what is -304 - 42?
-346
In base 8, what is -13 + 262?
247
In base 16, what is 73 + 1?
74
In base 14, what is 4a67 + -1?
4a66
In base 16, what is 22 + 1?
23
In base 5, what is -1433 - 41?
-2024
In base 2, what is 1010 - 10011?
-1001
In base 6, what is -1012 - 2?
-1014
In base 12, what is 11 + 10?
21
In base 8, what is -550 - -1?
-547
In base 12, what is 1 + 185b?
1860
In base 10, what is 289 - -10?
299
In base 2, what is 10000 + 10000?
100000
In base 3, what is -12 - -11211022?
11211010
In base 6, what is 1121 - 2?
1115
In base 2, what is -100100 + 11000101?
10100001
In base 5, what is -10032 - 3?
-10040
In base 6, what is 5 - 302?
-253
In base 13, what is -21a + -5?
-222
In base 3, what is -2 - -122201?
122122
In base 12, what is 165 - -2?
167
In base 16, what is ea + 1?
eb
In base 12, what is 52 + 4?
56
In base 8, what is 0 - -63?
63
In base 4, what is -11 - 1123310?
-1123321
In base 12, what is 22 + -1?
21
In base 2, what is -100 + 1101?
1001
In base 4, what is -2 + -32322?
-32330
In base 9, what is -5 - 15?
-21
In base 4, what is 0 + 10020?
10020
In base 5, what is -2 - 2302?
-2304
In base 5, what is -2140 - -3?
-2132
In base 13, what is 227 - 12?
215
In base 2, what is 10111101 + -1011?
10110010
In base 10, what is -13 + -22?
-35
In base 8, what is 4 - -24?
30
In base 5, what is 1034 + -13?
1021
In base 11, what is 2 - 38?
-36
In base 15, what is 22 - -a1?
c3
In base 6, what is 102 - -10?
112
In base 14, what is -32 - 11?
-43
In base 5, what is -10 - 1241?
-1301
In base 11, what is -3 - 113?
-116
In base 4, what is -3 - -1132?
1123
In base 16, what is -2d3 + 6?
-2cd
In base 4, what is 10 + 33021?
33031
In base 5, what is 2 + -11431?
-11424
In base 6, what is -1 - -310?
305
In base 11, what is 864 + 14?
878
In base 2, what is 101110000110011 + 10?
101110000110101
In base 16, what is -4 - 90?
-94
In base 8, what is -3 - -620?
615
In base 8, what is -334 + 3?
-331
In base 8, what is 1 + 114?
115
In base 14, what is -3 + -508?
-50b
In base 6, what is -104 + -5?
-113
In base 8, what is 4 - -423?
427
In base 14, what is 9 - 6c6?
-6bb
In base 11, what is -77 + -2?
-79
In base 5, what is 243130 + -10?
243120
In base 11, what is -113 + 11?
-102
In base 13, what is -47 + 38?
-c
In base 4, what is 1212 - 0?
1212
In base 16, what is 76 - -4b?
c1
In base 6, what is 5 + 40041?
40050
In base 2, what is -11011111010 + 0?
-11011111010
In base 14, what is -5 + -19db?
-1a02
In base 16, what is -ea - -1a?
-d0
In base 16, what is